{"id":304,"date":"2022-10-07T13:43:19","date_gmt":"2022-10-07T13:43:19","guid":{"rendered":"http:\/\/www.vabene-wermelskirchen.de\/?page_id=304"},"modified":"2022-10-07T13:43:19","modified_gmt":"2022-10-07T13:43:19","slug":"datenschutzrichtline-dsgvo","status":"publish","type":"page","link":"https:\/\/www.vabene-wermelskirchen.de\/?page_id=304","title":{"rendered":"Datenschutzrichtline (DSGVO)"},"content":{"rendered":"\n<h3 class=\"wp-block-heading\">Datenschutzerkl\u00e4rung<\/h3>\n\n\n\n<p class=\"wp-block-paragraph\">Zuletzt aktualisiert: 7. Oktober 2022<\/p>\n\n\n\n<p class=\"wp-block-paragraph\">Diese Datenschutzrichtlinie beschreibt unsere Richtlinien und Verfahren zur Erfassung, Verwendung und Offenlegung Ihrer Daten, wenn Sie den Service nutzen, und informiert Sie \u00fcber Ihre Datenschutzrechte und dar\u00fcber, wie das Gesetz Sie sch\u00fctzt.<\/p>\n\n\n\n<p class=\"wp-block-paragraph\">Wir verwenden Ihre personenbezogenen Daten, um den Dienst bereitzustellen und zu verbessern. Durch die Nutzung des Dienstes stimmen Sie der Erfassung und Nutzung von Informationen gem\u00e4\u00df dieser Datenschutzrichtlinie zu. Diese Datenschutzrichtlinie wurde mit Hilfe des <a href=\"https:\/\/www.privacypolicies.com\/privacy-policy-generator\/\" target=\"_blank\" rel=\"noreferrer noopener\">Privacy Policy Generator<\/a> erstellt.<\/p>\n\n\n\n<h3 class=\"wp-block-heading\">Interpretation und Definitionen<\/h3>\n\n\n\n<h4 class=\"wp-block-heading\">Interpretation<\/h4>\n\n\n\n<p class=\"wp-block-paragraph\">Die W\u00f6rter, deren Anfangsbuchstabe gro\u00dfgeschrieben wird, haben Bedeutungen, die unter den folgenden Bedingungen definiert werden. Die folgenden Definitionen haben dieselbe Bedeutung, unabh\u00e4ngig davon, ob sie im Singular oder Plural erscheinen.<\/p>\n\n\n\n<h4 class=\"wp-block-heading\">Definitionen<\/h4>\n\n\n\n<p class=\"wp-block-paragraph\">F\u00fcr die Zwecke dieser Datenschutzrichtlinie:<\/p>\n\n\n\n<ul class=\"wp-block-list\">\n<li><strong>Konto<\/strong> bezeichnet ein einzigartiges Konto, das f\u00fcr Sie erstellt wurde, um auf unseren Dienst oder Teile unseres Dienstes zuzugreifen.<\/li>\n\n\n\n<li><strong>Unternehmen<\/strong> (in dieser Vereinbarung entweder als \u201edas Unternehmen\u201c, \u201ewir\u201c, \u201euns\u201c oder \u201eunser\u201c bezeichnet) bezieht sich auf Pizzeria VaBene, K\u00f6lner Str. 45, 42929 Wermelskirchen.<\/li>\n\n\n\n<li><strong>Cookies<\/strong> sind kleine Dateien, die von einer Website auf Ihrem Computer, Mobilger\u00e4t oder einem anderen Ger\u00e4t abgelegt werden und unter anderem die Details Ihres Browserverlaufs auf dieser Website enthalten.<\/li>\n\n\n\n<li><strong>Land<\/strong> bezieht sich auf: Nordrhein-Westfalen, Deutschland<\/li>\n\n\n\n<li><strong>Ger\u00e4t<\/strong> bezeichnet jedes Ger\u00e4t, das auf den Dienst zugreifen kann, wie z. B. ein Computer, ein Mobiltelefon oder ein digitales Tablet.<\/li>\n\n\n\n<li><strong>Personenbezogene Daten<\/strong> sind alle Informationen, die sich auf eine identifizierte oder identifizierbare Person beziehen.<\/li>\n\n\n\n<li><strong>Dienst<\/strong> bezieht sich auf die Website.<\/li>\n\n\n\n<li><strong>Dienstleister<\/strong> bezeichnet jede nat\u00fcrliche oder juristische Person, die die Daten im Auftrag des Unternehmens verarbeitet. Es bezieht sich auf Drittunternehmen oder Personen, die vom Unternehmen besch\u00e4ftigt werden, um den Service zu erm\u00f6glichen, den Service im Namen des Unternehmens bereitzustellen, Dienstleistungen im Zusammenhang mit dem Service zu erbringen oder das Unternehmen bei der Analyse der Nutzung des Service zu unterst\u00fctzen.<\/li>\n\n\n\n<li><strong>Nutzungsdaten<\/strong> bezieht sich auf automatisch erhobene Daten, die entweder durch die Nutzung des Dienstes oder von der Dienstinfrastruktur selbst generiert werden (z. B. die Dauer eines Seitenbesuchs).<\/li>\n\n\n\n<li><strong>Website<\/strong> bezieht sich auf die Pizzeria VaBene, erreichbar \u00fcber <a href=\"www.vabene-wermelskirchen.de\" rel=\"noreferrer noopener\" target=\"_blank\">www.vabene-wermelskirchen. de<\/a><\/li>\n\n\n\n<li><strong>Sie<\/strong> bezeichnet die Person, die auf den Service zugreift oder ihn nutzt, oder das Unternehmen oder eine andere juristische Person, in deren Namen diese Person auf den Service zugreift oder ihn nutzt, je nachdem, was zutrifft.<\/li>\n<\/ul>\n\n\n\n<h3 class=\"wp-block-heading\">Erhebung und Verwendung Ihrer personenbezogenen Daten<\/h3>\n\n\n\n<h4 class=\"wp-block-heading\">Arten der erfassten Daten<\/h4>\n\n\n\n<h5 class=\"wp-block-heading\">Pers\u00f6nliche Daten<\/h5>\n\n\n\n<p class=\"wp-block-paragraph\">W\u00e4hrend der Nutzung unseres Dienstes k\u00f6nnen wir Sie bitten, uns bestimmte personenbezogene Daten zur Verf\u00fcgung zu stellen, die verwendet werden k\u00f6nnen, um Sie zu kontaktieren oder zu identifizieren. Pers\u00f6nlich identifizierbare Informationen k\u00f6nnen beinhalten, sind aber nicht beschr\u00e4nkt auf:<\/p>\n\n\n\n<ul class=\"wp-block-list\">\n<li>Nutzungsdaten<\/li>\n<\/ul>\n\n\n\n<h5 class=\"wp-block-heading\">Nutzungsdaten<\/h5>\n\n\n\n<p class=\"wp-block-paragraph\">Nutzungsdaten werden bei der Nutzung des Dienstes automatisch erfasst.<\/p>\n\n\n\n<p class=\"wp-block-paragraph\">Nutzungsdaten k\u00f6nnen Informationen wie die Internetprotokolladresse Ihres Ger\u00e4ts (z. B. IP-Adresse), Browsertyp, Browserversion, die von Ihnen besuchten Seiten unseres Dienstes, Uhrzeit und Datum Ihres Besuchs und die auf diesen Seiten verbrachte Zeit enthalten , eindeutige Ger\u00e4tekennungen und andere Diagnosedaten.<\/p>\n\n\n\n<p class=\"wp-block-paragraph\">Wenn Sie mit oder \u00fcber ein mobiles Ger\u00e4t auf den Dienst zugreifen, k\u00f6nnen wir bestimmte Informationen automatisch erfassen, einschlie\u00dflich, aber nicht beschr\u00e4nkt auf den Typ des von Ihnen verwendeten mobilen Ger\u00e4ts, die eindeutige ID Ihres mobilen Ger\u00e4ts, die IP-Adresse Ihres mobilen Ger\u00e4ts , Ihr mobiles Betriebssystem, die Art des von Ihnen verwendeten mobilen Internetbrowsers, eindeutige Ger\u00e4tekennungen und andere Diagnosedaten.<\/p>\n\n\n\n<p class=\"wp-block-paragraph\">Wir k\u00f6nnen auch Informationen sammeln, die Ihr Browser sendet, wenn Sie unseren Service besuchen oder wenn Sie mit oder \u00fcber ein mobiles Ger\u00e4t auf den Service zugreifen.<\/p>\n\n\n\n<h5 class=\"wp-block-heading\">Tracking-Technologien und Cookies<\/h5>\n\n\n\n<p class=\"wp-block-paragraph\">Wir verwenden Cookies und \u00e4hnliche Tracking-Technologien, um die Aktivit\u00e4ten auf unserem Service zu verfolgen und bestimmte Informationen zu speichern. Verwendete Tracking-Technologien sind Beacons, Tags und Skripte, um Informationen zu sammeln und zu verfolgen und unseren Service zu verbessern und zu analysieren. Zu den von uns verwendeten Technologien k\u00f6nnen geh\u00f6ren:<\/p>\n\n\n\n<ul class=\"wp-block-list\">\n<li><strong>Cookies oder Browser-Cookies.<\/strong> Ein Cookie ist eine kleine Datei, die auf Ihrem Ger\u00e4t abgelegt wird. Sie k\u00f6nnen Ihren Browser anweisen, alle Cookies abzulehnen oder anzuzeigen, wenn ein Cookie gesendet wird. Wenn Sie jedoch keine Cookies akzeptieren, k\u00f6nnen Sie m\u00f6glicherweise einige Teile unseres Dienstes nicht nutzen. Es sei denn, Sie haben Ihre Browser-Einstellung so angepasst, dass es wi<\/li>\n<\/ul>\n","protected":false},"excerpt":{"rendered":"<p>Datenschutzerkl\u00e4rung Zuletzt aktualisiert: 7. Oktober 2022 Diese Datenschutzrichtlinie beschreibt unsere Richtlinien und Verfahren zur Erfassung, Verwendung und Offenlegung Ihrer [&hellip;]<\/p>\n","protected":false},"author":1,"featured_media":0,"parent":0,"menu_order":0,"comment_status":"closed","ping_status":"closed","template":"","meta":{"_crdt_document":"","_monsterinsights_skip_tracking":false,"_monsterinsights_sitenote_active":false,"_monsterinsights_sitenote_note":"","_monsterinsights_sitenote_category":0,"footnotes":""},"class_list":["post-304","page","type-page","status-publish","hentry"],"aioseo_notices":[],"_links":{"self":[{"href":"https:\/\/www.vabene-wermelskirchen.de\/index.php?rest_route=\/wp\/v2\/pages\/304","targetHints":{"allow":["GET"]}}],"collection":[{"href":"https:\/\/www.vabene-wermelskirchen.de\/index.php?rest_route=\/wp\/v2\/pages"}],"about":[{"href":"https:\/\/www.vabene-wermelskirchen.de\/index.php?rest_route=\/wp\/v2\/types\/page"}],"author":[{"embeddable":true,"href":"https:\/\/www.vabene-wermelskirchen.de\/index.php?rest_route=\/wp\/v2\/users\/1"}],"replies":[{"embeddable":true,"href":"https:\/\/www.vabene-wermelskirchen.de\/index.php?rest_route=%2Fwp%2Fv2%2Fcomments&post=304"}],"version-history":[{"count":1,"href":"https:\/\/www.vabene-wermelskirchen.de\/index.php?rest_route=\/wp\/v2\/pages\/304\/revisions"}],"predecessor-version":[{"id":305,"href":"https:\/\/www.vabene-wermelskirchen.de\/index.php?rest_route=\/wp\/v2\/pages\/304\/revisions\/305"}],"wp:attachment":[{"href":"https:\/\/www.vabene-wermelskirchen.de\/index.php?rest_route=%2Fwp%2Fv2%2Fmedia&parent=304"}],"curies":[{"name":"wp","href":"https:\/\/api.w.org\/{rel}","templated":true}]}}